t is the greatest common factor of 357627 and 67413?
69
What is the highest common factor of 5074073 and 25267?
2297
What is the highest common factor of 51272 and 960973?
377
What is the greatest common divisor of 10710 and 35815430?
1190
Calculate the greatest common divisor of 44332719 and 969.
969
What is the greatest common divisor of 1919489 and 155?
31
What is the greatest common divisor of 199227 and 795?
159
What is the highest common divisor of 20463 and 46170?
57
What is the highest common factor of 30098 and 11092022?
202
What is the greatest common factor of 122077008 and 2296?
328
Calculate the highest common divisor of 583479 and 135.
9
What is the highest common factor of 8046 and 906174?
54
Calculate the highest common factor of 296382 and 44650.
94
What is the greatest common divisor of 83807774 and 519?
173
What is the highest common factor of 25 and 54868025?
25
What is the greatest common factor of 5109 and 2449569?
393
Calculate the highest common factor of 12760 and 83288.
232
What is the highest common factor of 49194086 and 124?
62
Calculate the highest common factor of 370414 and 8454886.
2486
What is the greatest common factor of 53028807 and 333?
111
What is the highest common divisor of 15724561 and 1865?
373
Calculate the greatest common factor of 5206971 and 7.
7
Calculate the greatest common factor of 50065 and 158684970.
2635
Calculate the greatest common factor of 91 and 3742453.
13
Calculate the highest common factor of 29095995 and 15.
15
What is the highest common divisor of 1125 and 469647?
9
What is the highest common factor of 84660 and 459?
51
What is the greatest common divisor of 582009372 and 21?
21
Calculate the highest common divisor of 7347725 and 1210.
605
Calculate the highest common divisor of 2639 and 37481899.
91
Calculate the highest common divisor of 2464975 and 18275.
1075
What is the greatest common factor of 6658267 and 5494839?
7861
Calculate the highest common factor of 2289616 and 39704.
56
What is the greatest common divisor of 1044148304 and 48?
16
What is the highest common divisor of 146549 and 195?
13
Calculate the greatest common factor of 23923287 and 5033.
719
Calculate the highest common divisor of 824 and 5362283.
103
Calculate the greatest common divisor of 15892 and 7242779.
3973
What is the highest common divisor of 7883211 and 42?
21
Calculate the highest common divisor of 2712 and 15373311.
339
What is the greatest common divisor of 3383 and 2264252049?
3383
What is the greatest common divisor of 92453207 and 154?
77
What is the highest common factor of 130339 and 91102?
451
What is the highest common factor of 4175 and 1483628?
167
What is the highest common divisor of 14518 and 135936182?
2074
Calculate the greatest common divisor of 13615 and 38699665.
1945
What is the greatest common factor of 9250 and 407356125?
4625
Calculate the greatest common factor of 10064 and 370401376.
592
Calculate the greatest common factor of 21230286 and 5082.
462
Calculate the highest common divisor of 8840267 and 844.
211
Calculate the greatest common factor of 530974 and 503918.
3382
Calculate the greatest common factor of 15 and 251730.
15
What is the greatest common divisor of 12282 and 25461?
69
What is the greatest common divisor of 374 and 16385688?
374
What is the highest common factor of 540335424 and 580?
116
What is the greatest common divisor of 17082 and 1789164?
234
Calculate the greatest common factor of 790 and 228332120.
790
Calculate the highest common factor of 10961347 and 272840.
6821
What is the greatest common factor of 3950950 and 38254?
62
Calculate the greatest common factor of 139360528 and 144.
16
What is the greatest common factor of 2566596 and 28044?
228
Calculate the highest common factor of 745 and 20112467.
149
Calculate the greatest common factor of 36561 and 15729.
21
What is the highest common divisor of 14607 and 330551?
541
Calculate the highest common divisor of 1911 and 8661393.
39
Calculate the greatest common factor of 14776 and 2635669.
1847
What is the highest common divisor of 13590583 and 1228?
307
Calculate the highest common factor of 478601639 and 31029.
10343
Calculate the greatest common factor of 13 and 128209445.
13
Calculate the greatest common divisor of 315706328 and 14.
14
What is the highest common divisor of 95 and 6454034?
19
Calculate the greatest common factor of 6704 and 56797964.
1676
What is the highest common divisor of 89175 and 8487?
123
What is the greatest common divisor of 133292 and 21244?
188
Calculate the greatest common divisor of 1626346 and 1978.
86
Calculate the greatest common factor of 74383889 and 109.
109
Calculate the greatest common factor of 294522849 and 18.
9
What is the greatest common divisor of 16720 and 12647008?
3344
Calculate the highest common divisor of 94412893 and 601.
601
What is the greatest common factor of 22827 and 83622?
21
What is the greatest common divisor of 1292 and 361708?
4
What is the highest common factor of 554763 and 5434?
11
Calculate the highest common factor of 47879 and 267462.
1651
Calculate the greatest common factor of 8294352 and 2244.
132
Calculate the greatest common factor of 116622 and 155682.
558
What is the greatest common factor of 4247 and 178594844?
4247
Calculate the highest common factor of 60284 and 41931828.
8612
What is the highest common divisor of 2015057 and 176?
11
What is the greatest common divisor of 3480 and 233976?
24
What is the highest common factor of 2057804 and 5978?
98
Calculate the highest common factor of 65583393 and 3129.
447
What is the highest common divisor of 1462669 and 221663?
767
What is the highest common factor of 596 and 6731522?
298
Calculate the greatest common factor of 6498 and 4155642.
342
What is the greatest common factor of 1600 and 109749425?
25
What is the greatest common factor of 1407126 and 644?
14
Calculate the highest common factor of 5097335 and 10.
5
Calculate the highest common divisor of 642876750 and 3180.
1590
What is the greatest common factor of 1114888001 and 337?
337
What is the highest common divisor of 18540 and 212100?
60
What is the highest common divisor of 49 and 339255?
7
What is the highest common divisor of 1521256 and 2697944?
2344
What is the highest common factor of 1470 and 469105?
35
What is the highest common factor of 531 and 3031947?
9
Calculate the highest common divisor of 202 and 209452588.
202
Calculate the highest common divisor of 14127723 and 2232.
279
What is the highest common divisor of 2464 and 49211904?
224
What is the greatest common divisor of 1885 and 1931584005?
1885
Calculate the greatest common factor of 1638 and 85469566.
182
What is the greatest common divisor of 1988 and 2013970?
14
Calculate the highest common divisor of 22626096 and 1107.
123
What is the greatest common factor of 380 and 7550410?
190
Calculate the highest common factor of 293253378 and 1146.
1146
Calculate the greatest common factor of 16800 and 5429550.
1050
What is the greatest common divisor of 8153048 and 12128?
3032
What is the greatest common factor of 715717 and 7633?
17
What is the highest common divisor of 256 and 93491504?
16
What is the greatest common factor of 798 and 6285818?
14
Calculate the greatest common factor of 3612 and 1161216.
84
Calculate the greatest common factor of 704 and 299834656.
352
What is the highest common divisor of 187 and 988174?
11
Calculate the highest common divisor of 515307 and 71175.
2847
What is the greatest common divisor of 3799 and 40374986?
131
What is the highest common factor of 3594976 and 12232?
88
What is the greatest common factor of 5674572 and 72?
36
Calculate the greatest common factor of 5643 and 15306324.
627
What is the greatest common factor of 17340 and 25965?
15
Calculate the highest common divisor of 1305603 and 8970.
39
Calculate the highest common divisor of 2079 and 23968428.
33
Calculate the greatest common factor of 80274227 and 31383.
3487
Calculate the greatest common factor of 273904 and 3292016.
5168
What is the highest common factor of 47 and 1621?
1
What is the greatest common factor of 638 and 5252654?
638
What is the greatest common factor of 323 and 883125605?
323
What is the greatest common divisor of 50520 a